 11) to base 10.
-2
Convert 13 (base 7) to base 15.
a
Convert 2 (base 16) to base 11.
2
Convert -2 (base 16) to base 5.
-2
10 (base 11) to base 4
23
Convert -101100 (base 2) to base 6.
-112
Convert 62 (base 13) to base 16.
50
What is 5 (base 14) in base 9?
5
Convert 10 (base 8) to base 5.
13
Convert -110 (base 2) to base 9.
-6
What is 120 (base 4) in base 5?
44
Convert -20 (base 16) to base 8.
-40
What is -4 (base 7) in base 9?
-4
What is -79 (base 10) in base 5?
-304
What is 20 (base 3) in base 16?
6
What is -2 (base 14) in base 3?
-2
Convert 32 (base 11) to base 8.
43
-18 (base 10) to base 7
-24
Convert -10 (base 8) to base 7.
-11
Convert 66 (base 10) to base 8.
102
Convert -222 (base 11) to base 8.
-412
Convert 1 (base 15) to base 5.
1
-14b (base 12) to base 14
-107
310 (base 9) to base 6
1100
Convert -1a (base 12) to base 4.
-112
What is -16 (base 10) in base 5?
-31
What is 14 (base 5) in base 6?
13
-24 (base 15) to base 10
-34
Convert 3 (base 9) to base 6.
3
What is -1100 (base 3) in base 11?
-33
112 (base 4) to base 13
19
What is -4 (base 13) in base 16?
-4
-6 (base 15) to base 11
-6
Convert 23 (base 5) to base 12.
11
111 (base 5) to base 10
31
Convert -6 (base 8) to base 3.
-20
207 (base 10) to base 11
179
-103 (base 13) to base 8
-254
What is -8 (base 14) in base 7?
-11
What is 10 (base 14) in base 4?
32
Convert -20 (base 7) to base 10.
-14
Convert 1454 (base 6) to base 14.
202
-7d (base 16) to base 5
-1000
What is -26 (base 14) in base 13?
-28
What is 4 (base 10) in base 4?
10
-130 (base 8) to base 13
-6a
Convert -3 (base 6) to base 2.
-11
What is 101 (base 2) in base 3?
12
Convert -170 (base 8) to base 4.
-1320
Convert -23 (base 7) to base 6.
-25
Convert -36 (base 7) to base 5.
-102
0 (base 8) to base 6
0
Convert -6 (base 10) to base 6.
-10
-41 (base 10) to base 4
-221
Convert -46 (base 7) to base 2.
-100010
2 (base 7) to base 2
10
2 (base 5) to base 3
2
Convert -234 (base 6) to base 2.
-1011110
4 (base 7) to base 16
4
Convert -2 (base 4) to base 15.
-2
What is -18 (base 13) in base 12?
-19
What is 1d (base 15) in base 14?
20
-11 (base 10) to base 13
-b
-6 (base 7) to base 5
-11
Convert -364 (base 8) to base 14.
-136
36 (base 11) to base 8
47
What is 43 (base 12) in base 7?
102
Convert 3 (base 14) to base 6.
3
What is -3 (base 4) in base 15?
-3
What is 36 (base 14) in base 6?
120
-8 (base 9) to base 5
-13
-3331 (base 4) to base 11
-210
1 (base 12) to base 15
1
What is 3 (base 9) in base 7?
3
What is -134 (base 10) in base 7?
-251
What is 0 (base 10) in base 13?
0
Convert 11 (base 11) to base 14.
c
What is -4d (base 14) in base 4?
-1011
What is 6 (base 14) in base 9?
6
Convert 30 (base 4) to base 7.
15
-151 (base 11) to base 15
-bc
Convert 6 (base 12) to base 13.
6
6 (base 7) to base 14
6
Convert -10 (base 16) to base 14.
-12
What is -25 (base 13) in base 12?
-27
What is 3 (base 7) in base 6?
3
-130 (base 6) to base 5
-204
Convert -4 (base 6) to base 9.
-4
Convert -3 (base 12) to base 9.
-3
What is 100 (base 4) in base 3?
121
Convert -11 (base 3) to base 7.
-4
Convert -115 (base 13) to base 7.
-355
What is -231 (base 6) in base 15?
-61
What is 2 (base 5) in base 2?
10
Convert 37 (base 8) to base 16.
1f
Convert -421 (base 6) to base 11.
-133
227 (base 9) to base 6
511
What is 2 (base 11) in base 4?
2
-1 (base 2) to base 16
-1
0 (base 16) to base 11
0
Convert -1 (base 7) to base 13.
-1
What is -b (base 14) in base 15?
-b
Convert 8 (base 12) to base 5.
13
Convert 0 (base 3) to base 2.
0
What is -34 (base 10) in base 16?
-22
Convert -178 (base 11) to base 6.
-542
What is -203 (base 11) in base 7?
-500
21 (base 4) to base 11
9
What is -70 (base 8) in base 9?
-62
What is -1 (base 4) in base 12?
-1
Convert 4 (base 6) to base 14.
4
What is -117 (base 11) in base 9?
-164
151 (base 8) to base 4
1221
100000100 (base 2) to base 9
318
Convert -11 (base 2) to base 15.
-3
Convert -46 (base 9) to base 16.
-2a
What is -52 (base 11) in base 10?
-57
64 (base 7) to base 13
37
What is -18 (base 13) in base 12?
-19
Convert -a (base 13) to base 3.
-101
Convert -434 (base 6) to base 11.
-141
Convert 100 (base 7) to base 10.
49
What is 1 (base 10) in base 14?
1
What is -1 (base 11) in base 13?
-1
Convert 18 (base 16) to base 5.
44
-2 (base 12) to base 13
-2
Convert -3 (base 5) to base 12.
-3
-1 (base 13) to base 11
-1
Convert 25 (base 6) to base 4.
101
Convert 4 (base 7) to base 8.
4
What is 22 (base 7) in base 12?
14
What is -20 (base 5) in base 10?
-10
4 (base 12) to base 16
4
What is 0 (base 11) in base 14?
0
-6 (base 9) to base 7
-6
Convert -5 (base 16) to base 14.
-5
103 (base 7) to base 11
48
-1e (base 15) to base 12
-25
Convert -4 (base 10) to base 14.
-4
Convert -10 (base 2) to base 7.
-2
What is -242 (base 6) in base 11?
-8a
What is -d (base 15) in base 16?
-d
106 (base 9) to base 15
5c
What is -41 (base 11) in base 7?
-63
233 (base 7) to base 2
1111010
What is -5 (base 8) in base 2?
-101
What is -11 (base 16) in base 15?
-12
What is 12 (base 16) in base 3?
200
-5 (base 7) to base 15
-5
3 (base 11) to base 8
3
What is 1 (base 7) in base 8?
1
-16 (base 13) to base 3
-201
What is -c (base 16) in base 10?
-12
What is 1 (base 11) in base 7?
1
-2 (base 5) to base 11
-2
What is 16 (base 15) in base 8?
25
What is -69 (base 10) in base 14?
-4d
What is 3 (base 11) in base 12?
3
9 (base 16) to base 2
1001
Convert 342 (base 7) to base 12.
129
What is -12 (base 8) in base 4?
-22
-2 (base 6) to base 13
-2
Convert 4 (base 12) to base 14.
4
What is -13 (base 14) in base 13?
-14
What is 25 (base 13) in base 5?
111
Convert -120 (base 4) to base 10.
-24
-2 (base 8) to base 10
-2
Convert 9 (base 10) to base 8.
11
What is -230 (base 7) in base 9?
-142
4 (base 6) to base 14
4
What is 1 (base 3) in base 8?
1
Convert 101001100 (base 2) to base 7.
653
What is -126 (base 7) in base 2?
-1000101
What is 6 (base 16) in base 2?
110
10 (base 3) to base 8
3
0 (base 13) to base 7
0
212 (base 3) to base 9
25
Convert 16 (base 13) to base 5.
34
2 (base 9) to base 3
2
What is -112 (base 12) in base 9?
-185
What is 1 (base 2) in base 12?
1
What is 3 (base 10) in base 15?
3
46 (base 8) to base 10
38
What is 0 (base 6) in base 5?
0
What is -70 (base 16) in base 12?
-94
20 (base 9) to base 5
33
What is 1212 (base 5) in base 13?
110
-4 (base 6) to base 16
-4
What is 2d (base 15) in base 8?
53
What is -10 (base 10) in base 4?
-22
-21 (base 6) to base 8
-15
-4 (base 10) to base 11
-4
What is 10111 (base 2) in base 14?
19
What is -1 (base 15) in base 14?
-1
What is -11 (base 4) in base 2?
-101
171 (base 10) to base 7
333
What is 1101 (base 3) in base 11?
34
Convert -42 (base 5) to base 13.
-19
What is -11 (base 8) in base 10?
-9
Convert 0 (base 12) to base 10.
0
0 (base 4) to base 6
0
Convert -41 (base 7) to base 8.
-35
Convert -21 (base 14) to base 11.
-27
Convert -28 (base 13) to base 2.
-100010
Convert -11 (base 12) to base 14.
-d
What is -8 (base 13) in base 7?
-11
8 (base 14) to base 15
8
Convert 102 (base 7) to base 3.
1220
What is 3c (base 13) in base 4?
303
Convert -24 (base 13) to base 14.
-22
What is 2 (base 14) in base 8?
2
What is 14 (base 8) in base 2?
1100
322 (base 7) to base 15
ad
-3 (base 4) to base 16
-3
What is 1 (base 9) in base 6?
1
-22 (base 5) to base 12
-10
313 (base 5) to base 4
1103
342 (base 7) to base 5
1202
53 (base 9) to base 10
48
Convert -11001010 (base 2) to base 12.
-14a
Convert -10011011 (base 2) to base 12.
-10b
What is -15 (base 7) in base 6?
-20
Convert -455 (base 7) to base 13.
-152
1 (base 11) to base 15
1
What is -22 (base 5) in base 6?
-20
What is -18 (base 10) in base 8?
-22
Convert -36 (base 16) to base 10.
-54
What is -57 (base 13) in base 11?
-66
Convert 348 (base 9) to base 7.
560
Convert -3 (base 7) to base 5.
-3
-2 (base 15) to base 10
-2
-3 (base 10) to base 8
-3
What is -21 (base 6) in base 2?
-1101
Convert 0 (base 4) to base 2.
0
What is 8 (base 15) in base 12?
8
Convert -1b (base 13) to base 14.
-1a
Convert 6 (base 7) to base 8.
6
What is -4 (base 15) in base 2?
-100
-c (base 15) to base 13
-c
-30 (base 11) to base 2
-100001
-10 (base 10) to base 6
-14
What is 1 (base 4) in base 11?
1
Convert 330 (base 4) to base 14.
44
-115 (base 13) to base 12
-137
-3 (base 5) to base 3
-10
1 (base 6) to base 9
1
-21111 (base 3) to base 11
-174
Conver